{"id":296,"date":"2020-12-03T13:13:54","date_gmt":"2020-12-03T13:13:54","guid":{"rendered":"http:\/\/cemundodafantasia.com.br\/site\/?page_id=296"},"modified":"2025-10-29T14:41:37","modified_gmt":"2025-10-29T17:41:37","slug":"bercario","status":"publish","type":"page","link":"http:\/\/cemundodafantasia.com.br\/site\/?page_id=296","title":{"rendered":"Ber\u00e7\u00e1rio"},"content":{"rendered":"\t\t<div data-elementor-type=\"wp-page\" data-elementor-id=\"296\" class=\"elementor elementor-296\" data-elementor-settings=\"[]\">\n\t\t\t\t\t\t<div class=\"elementor-inner\">\n\t\t\t\t\t\t\t<div class=\"elementor-section-wrap\">\n\t\t\t\t\t\t\t<section class=\"elementor-section elementor-top-section elementor-element elementor-element-53de9fe elementor-section-boxed elementor-section-height-default elementor-section-height-default\" data-id=\"53de9fe\" data-element_type=\"section\" data-settings=\"{&quot;background_background&quot;:&quot;classic&quot;}\">\n\t\t\t\t\t\t<div class=\"elementor-container elementor-column-gap-default\">\n\t\t\t\t\t\t\t<div class=\"elementor-row\">\n\t\t\t\t\t<div class=\"elementor-column elementor-col-50 elementor-top-column elementor-element elementor-element-7ee5603\" data-id=\"7ee5603\" data-element_type=\"column\" data-settings=\"{&quot;background_background&quot;:&quot;classic&quot;}\">\n\t\t\t<div class=\"elementor-column-wrap elementor-element-populated\">\n\t\t\t\t\t\t\t<div class=\"elementor-widget-wrap\">\n\t\t\t\t\t\t<div class=\"elementor-element elementor-element-1a2f4c5 elementor-widget elementor-widget-image\" data-id=\"1a2f4c5\" data-element_type=\"widget\" data-widget_type=\"image.default\">\n\t\t\t\t<div class=\"elementor-widget-container\">\n\t\t\t\t\t\t\t\t<div class=\"elementor-image\">\n\t\t\t\t\t\t\t\t\t\t\t\t<img width=\"768\" height=\"512\" src=\"http:\/\/cemundodafantasia.com.br\/site\/wp-content\/uploads\/2020\/12\/berc1-768x512.jpg\" class=\"attachment-medium_large size-medium_large\" alt=\"\" loading=\"lazy\" srcset=\"http:\/\/cemundodafantasia.com.br\/site\/wp-content\/uploads\/2020\/12\/berc1-768x512.jpg 768w, http:\/\/cemundodafantasia.com.br\/site\/wp-content\/uploads\/2020\/12\/berc1-300x200.jpg 300w, http:\/\/cemundodafantasia.com.br\/site\/wp-content\/uploads\/2020\/12\/berc1-1024x683.jpg 1024w, http:\/\/cemundodafantasia.com.br\/site\/wp-content\/uploads\/2020\/12\/berc1-1536x1024.jpg 1536w, http:\/\/cemundodafantasia.com.br\/site\/wp-content\/uploads\/2020\/12\/berc1-2048x1365.jpg 2048w\" sizes=\"(max-width: 768px) 100vw, 768px\" \/>\t\t\t\t\t\t\t\t\t\t\t\t\t\t<\/div>\n\t\t\t\t\t\t<\/div>\n\t\t\t\t<\/div>\n\t\t\t\t<div class=\"elementor-element elementor-element-f395c8c elementor-widget elementor-widget-heading\" data-id=\"f395c8c\" data-element_type=\"widget\" data-widget_type=\"heading.default\">\n\t\t\t\t<div class=\"elementor-widget-container\">\n\t\t\t<h2 class=\"elementor-heading-title elementor-size-default\">Brincadeiras cantadas<\/h2>\t\t<\/div>\n\t\t\t\t<\/div>\n\t\t\t\t<div class=\"elementor-element elementor-element-543bd7a elementor-widget elementor-widget-text-editor\" data-id=\"543bd7a\" data-element_type=\"widget\" data-widget_type=\"text-editor.default\">\n\t\t\t\t<div class=\"elementor-widget-container\">\n\t\t\t\t\t\t\t\t<div class=\"elementor-text-editor elementor-clearfix\">\n\t\t\t\t<p>Proporcionamos um espa\u00e7o de intera\u00e7\u00e3o entre os beb\u00eas e seus pais, onde possam desenvolver a sensibilidade musical, seus ritmos pr\u00f3prios e a liberdade de express\u00e3o. A m\u00fasica, como linguagem universal, age como facilitadora das rela\u00e7\u00f5es intra e interpessoais. Acreditando na crian\u00e7a como ser l\u00fadico, a brincadeira cantada valoriza o brincar como essencial no desenvolvimento do beb\u00ea. Aproveitando essa leitura relembre uma m\u00fasica infantil cantada por seus familiares quando pequeno e descreva a sensa\u00e7\u00e3o nos coment\u00e1rios e redes sociais.<\/p>\t\t\t\t\t<\/div>\n\t\t\t\t\t\t<\/div>\n\t\t\t\t<\/div>\n\t\t\t\t\t\t<\/div>\n\t\t\t\t\t<\/div>\n\t\t<\/div>\n\t\t\t\t<div class=\"elementor-column elementor-col-50 elementor-top-column elementor-element elementor-element-351a039\" data-id=\"351a039\" data-element_type=\"column\" data-settings=\"{&quot;background_background&quot;:&quot;classic&quot;}\">\n\t\t\t<div class=\"elementor-column-wrap elementor-element-populated\">\n\t\t\t\t\t\t\t<div class=\"elementor-widget-wrap\">\n\t\t\t\t\t\t<div class=\"elementor-element elementor-element-95ca957 elementor-widget elementor-widget-heading\" data-id=\"95ca957\" data-element_type=\"widget\" data-widget_type=\"heading.default\">\n\t\t\t\t<div class=\"elementor-widget-container\">\n\t\t\t<h2 class=\"elementor-heading-title elementor-size-default\">Ber\u00e7\u00e1rio<\/h2>\t\t<\/div>\n\t\t\t\t<\/div>\n\t\t\t\t<div class=\"elementor-element elementor-element-4982629 elementor-widget-divider--separator-type-pattern elementor-widget-divider--view-line elementor-widget elementor-widget-divider\" data-id=\"4982629\" data-element_type=\"widget\" data-widget_type=\"divider.default\">\n\t\t\t\t<div class=\"elementor-widget-container\">\n\t\t\t\t\t<div class=\"elementor-divider\" style=\"--divider-pattern-url: url(&quot;data:image\/svg+xml,%3Csvg xmlns=&#039;http:\/\/www.w3.org\/2000\/svg&#039; preserveAspectRatio=&#039;none&#039; overflow=&#039;visible&#039; height=&#039;100%&#039; viewBox=&#039;0 0 24 24&#039; fill=&#039;none&#039; stroke=&#039;black&#039; stroke-width=&#039;2.1&#039; stroke-linecap=&#039;square&#039; stroke-miterlimit=&#039;10&#039;%3E%3Cpath d=&#039;M0,21c3.3,0,8.3-0.9,15.7-7.1c6.6-5.4,4.4-9.3,2.4-10.3c-3.4-1.8-7.7,1.3-7.3,8.8C11.2,20,17.1,21,24,21&#039;\/%3E%3C\/svg%3E&quot;);\">\n\t\t\t<span class=\"elementor-divider-separator\">\n\t\t\t\t\t\t<\/span>\n\t\t<\/div>\n\t\t\t\t<\/div>\n\t\t\t\t<\/div>\n\t\t\t\t<section class=\"elementor-section elementor-inner-section elementor-element elementor-element-bed7c09 elementor-section-boxed elementor-section-height-default elementor-section-height-default\" data-id=\"bed7c09\" data-element_type=\"section\">\n\t\t\t\t\t\t<div class=\"elementor-container elementor-column-gap-default\">\n\t\t\t\t\t\t\t<div class=\"elementor-row\">\n\t\t\t\t\t<div class=\"elementor-column elementor-col-100 elementor-inner-column elementor-element elementor-element-3b34e35\" data-id=\"3b34e35\" data-element_type=\"column\">\n\t\t\t<div class=\"elementor-column-wrap elementor-element-populated\">\n\t\t\t\t\t\t\t<div class=\"elementor-widget-wrap\">\n\t\t\t\t\t\t<div class=\"elementor-element elementor-element-9eec16f elementor-widget elementor-widget-text-editor\" data-id=\"9eec16f\" data-element_type=\"widget\" data-widget_type=\"text-editor.default\">\n\t\t\t\t<div class=\"elementor-widget-container\">\n\t\t\t\t\t\t\t\t<div class=\"elementor-text-editor elementor-clearfix\">\n\t\t\t\tO Ber\u00e7\u00e1rio do Mundo da Fantasia, atende beb\u00eas a partir de 4 meses de idade, onde priorizamos a seguran\u00e7a, o cuidado, o carinho e os est\u00edmulos de cada faixa et\u00e1ria.\nNosso Ber\u00e7\u00e1rio tem atividades l\u00fadicas, criativas e envolventes. Estimulamos a motricidade, cogni\u00e7\u00e3o, afeto, sensorialidade e socializa\u00e7\u00e3o, al\u00e9m do desenvolvimento da linguagem. Os beb\u00eas s\u00e3o incentivados a sentar, engatinhar, andar, correr, subir, descer, pular, dan\u00e7ar, balbuciar e falar, respeitando seu ritmo e maturidade.\nIntroduzimos a m\u00fasica de forma l\u00fadica, trabalhando sons e ritmos, com varia\u00e7\u00f5es de m\u00fasicas cl\u00e1ssicas, instrumentais, sons da natureza e cantigas infantis e de roda.\n\nA conta\u00e7\u00e3o de hist\u00f3ria \u00e9 teatral, os beb\u00eas amam e ainda trabalhamos a parte pedag\u00f3gica, est\u00edmulos e concentra\u00e7\u00e3o.\n\nA sala \u00e9 climatizada, arejada, limpa, segura, iluminada, ampla e estimulante. Priorizamos o banho de sol matinal e temos um espa\u00e7o lindo com sol\u00e1rio.\n\t\t\t\t\t<\/div>\n\t\t\t\t\t\t<\/div>\n\t\t\t\t<\/div>\n\t\t\t\t\t\t<\/div>\n\t\t\t\t\t<\/div>\n\t\t<\/div>\n\t\t\t\t\t\t\t\t<\/div>\n\t\t\t\t\t<\/div>\n\t\t<\/section>\n\t\t\t\t\t\t<\/div>\n\t\t\t\t\t<\/div>\n\t\t<\/div>\n\t\t\t\t\t\t\t\t<\/div>\n\t\t\t\t\t<\/div>\n\t\t<\/section>\n\t\t\t\t<section class=\"elementor-section elementor-top-section elementor-element elementor-element-fce193c elementor-section-boxed elementor-section-height-default elementor-section-height-default\" data-id=\"fce193c\" data-element_type=\"section\">\n\t\t\t\t\t\t<div class=\"elementor-container elementor-column-gap-default\">\n\t\t\t\t\t\t\t<div class=\"elementor-row\">\n\t\t\t\t\t<div class=\"elementor-column elementor-col-50 elementor-top-column elementor-element elementor-element-220203d\" data-id=\"220203d\" data-element_type=\"column\" data-settings=\"{&quot;background_background&quot;:&quot;classic&quot;}\">\n\t\t\t<div class=\"elementor-column-wrap elementor-element-populated\">\n\t\t\t\t\t\t\t<div class=\"elementor-widget-wrap\">\n\t\t\t\t\t\t<div class=\"elementor-element elementor-element-af48419 elementor-widget elementor-widget-heading\" data-id=\"af48419\" data-element_type=\"widget\" data-widget_type=\"heading.default\">\n\t\t\t\t<div class=\"elementor-widget-container\">\n\t\t\t<h2 class=\"elementor-heading-title elementor-size-default\">Frald\u00e1rio<\/h2>\t\t<\/div>\n\t\t\t\t<\/div>\n\t\t\t\t<div class=\"elementor-element elementor-element-9a05215 elementor-widget-divider--separator-type-pattern elementor-widget-divider--view-line elementor-widget elementor-widget-divider\" data-id=\"9a05215\" data-element_type=\"widget\" data-widget_type=\"divider.default\">\n\t\t\t\t<div class=\"elementor-widget-container\">\n\t\t\t\t\t<div class=\"elementor-divider\" style=\"--divider-pattern-url: url(&quot;data:image\/svg+xml,%3Csvg xmlns=&#039;http:\/\/www.w3.org\/2000\/svg&#039; preserveAspectRatio=&#039;none&#039; overflow=&#039;visible&#039; height=&#039;100%&#039; viewBox=&#039;0 0 24 24&#039; fill=&#039;none&#039; stroke=&#039;black&#039; stroke-width=&#039;2.1&#039; stroke-linecap=&#039;square&#039; stroke-miterlimit=&#039;10&#039;%3E%3Cpath d=&#039;M0,21c3.3,0,8.3-0.9,15.7-7.1c6.6-5.4,4.4-9.3,2.4-10.3c-3.4-1.8-7.7,1.3-7.3,8.8C11.2,20,17.1,21,24,21&#039;\/%3E%3C\/svg%3E&quot;);\">\n\t\t\t<span class=\"elementor-divider-separator\">\n\t\t\t\t\t\t<\/span>\n\t\t<\/div>\n\t\t\t\t<\/div>\n\t\t\t\t<\/div>\n\t\t\t\t<section class=\"elementor-section elementor-inner-section elementor-element elementor-element-b8320fe elementor-section-boxed elementor-section-height-default elementor-section-height-default\" data-id=\"b8320fe\" data-element_type=\"section\">\n\t\t\t\t\t\t<div class=\"elementor-container elementor-column-gap-default\">\n\t\t\t\t\t\t\t<div class=\"elementor-row\">\n\t\t\t\t\t<div class=\"elementor-column elementor-col-100 elementor-inner-column elementor-element elementor-element-9d95813\" data-id=\"9d95813\" data-element_type=\"column\">\n\t\t\t<div class=\"elementor-column-wrap elementor-element-populated\">\n\t\t\t\t\t\t\t<div class=\"elementor-widget-wrap\">\n\t\t\t\t\t\t<div class=\"elementor-element elementor-element-73dc392 elementor-widget elementor-widget-text-editor\" data-id=\"73dc392\" data-element_type=\"widget\" data-widget_type=\"text-editor.default\">\n\t\t\t\t<div class=\"elementor-widget-container\">\n\t\t\t\t\t\t\t\t<div class=\"elementor-text-editor elementor-clearfix\">\n\t\t\t\tO cuidar se d\u00e1 com carinho, zelo, higiene e aprendizado. Nossos profissionais est\u00e3o sempre atentos \u00e0s necessidades da crian\u00e7a e os cuidados com a higiene pessoal s\u00e3o redobrados nessa fase. A hora do banho \u00e9 um momento de prazer em que se aproveita para introduzir a crian\u00e7a no conhecimento do seu corpo, aprendendo a nome\u00e1-lo atrav\u00e9s de brincadeiras e m\u00fasicas.\n O processo de crescimento \u00e9 espont\u00e2neo, gradativo e natural. Portanto, o atendimento do beb\u00ea \u00e9 realizado considerando o seu ritmo e a maturidade individual.\t\t\t\t\t<\/div>\n\t\t\t\t\t\t<\/div>\n\t\t\t\t<\/div>\n\t\t\t\t\t\t<\/div>\n\t\t\t\t\t<\/div>\n\t\t<\/div>\n\t\t\t\t\t\t\t\t<\/div>\n\t\t\t\t\t<\/div>\n\t\t<\/section>\n\t\t\t\t<section class=\"elementor-section elementor-inner-section elementor-element elementor-element-332012f elementor-section-boxed elementor-section-height-default elementor-section-height-default\" data-id=\"332012f\" data-element_type=\"section\">\n\t\t\t\t\t\t<div class=\"elementor-container elementor-column-gap-default\">\n\t\t\t\t\t\t\t<div class=\"elementor-row\">\n\t\t\t\t\t<div class=\"elementor-column elementor-col-50 elementor-inner-column elementor-element elementor-element-44e1a12\" data-id=\"44e1a12\" data-element_type=\"column\">\n\t\t\t<div class=\"elementor-column-wrap elementor-element-populated\">\n\t\t\t\t\t\t\t<div class=\"elementor-widget-wrap\">\n\t\t\t\t\t\t<div class=\"elementor-element elementor-element-c9fe128 elementor-widget elementor-widget-heading\" data-id=\"c9fe128\" data-element_type=\"widget\" data-widget_type=\"heading.default\">\n\t\t\t\t<div class=\"elementor-widget-container\">\n\t\t\t<h2 class=\"elementor-heading-title elementor-size-default\">Sono<\/h2>\t\t<\/div>\n\t\t\t\t<\/div>\n\t\t\t\t<div class=\"elementor-element elementor-element-d158529 elementor-widget elementor-widget-text-editor\" data-id=\"d158529\" data-element_type=\"widget\" data-widget_type=\"text-editor.default\">\n\t\t\t\t<div class=\"elementor-widget-container\">\n\t\t\t\t\t\t\t\t<div class=\"elementor-text-editor elementor-clearfix\">\n\t\t\t\tO momento do sono ocorre respeitando o hor\u00e1rio e a necessidade de cada beb\u00ea. Ap\u00f3s dormirem, os beb\u00eas encontram tranquilidade e conforto, onde s\u00e3o sempre supervisionados pelas ber\u00e7aristas. Colocamos m\u00fasica instrumental ou com sons da natureza na hora do soninho.\n\t\t\t\t\t<\/div>\n\t\t\t\t\t\t<\/div>\n\t\t\t\t<\/div>\n\t\t\t\t\t\t<\/div>\n\t\t\t\t\t<\/div>\n\t\t<\/div>\n\t\t\t\t<div class=\"elementor-column elementor-col-50 elementor-inner-column elementor-element elementor-element-a80f2ab\" data-id=\"a80f2ab\" data-element_type=\"column\">\n\t\t\t<div class=\"elementor-column-wrap elementor-element-populated\">\n\t\t\t\t\t\t\t<div class=\"elementor-widget-wrap\">\n\t\t\t\t\t\t<div class=\"elementor-element elementor-element-922f903 elementor-widget elementor-widget-image\" data-id=\"922f903\" data-element_type=\"widget\" data-widget_type=\"image.default\">\n\t\t\t\t<div class=\"elementor-widget-container\">\n\t\t\t\t\t\t\t\t<div class=\"elementor-image\">\n\t\t\t\t\t\t\t\t\t\t\t\t<img width=\"188\" height=\"300\" src=\"http:\/\/cemundodafantasia.com.br\/site\/wp-content\/uploads\/2025\/01\/Ands_Bebe\u0302-188x300.png\" class=\"attachment-medium size-medium\" alt=\"\" loading=\"lazy\" srcset=\"http:\/\/cemundodafantasia.com.br\/site\/wp-content\/uploads\/2025\/01\/Ands_Bebe\u0302-188x300.png 188w, http:\/\/cemundodafantasia.com.br\/site\/wp-content\/uploads\/2025\/01\/Ands_Bebe\u0302-640x1024.png 640w, http:\/\/cemundodafantasia.com.br\/site\/wp-content\/uploads\/2025\/01\/Ands_Bebe\u0302-768x1228.png 768w, http:\/\/cemundodafantasia.com.br\/site\/wp-content\/uploads\/2025\/01\/Ands_Bebe\u0302-961x1536.png 961w, http:\/\/cemundodafantasia.com.br\/site\/wp-content\/uploads\/2025\/01\/Ands_Bebe\u0302-1281x2048.png 1281w\" sizes=\"(max-width: 188px) 100vw, 188px\" \/>\t\t\t\t\t\t\t\t\t\t\t\t\t\t<\/div>\n\t\t\t\t\t\t<\/div>\n\t\t\t\t<\/div>\n\t\t\t\t\t\t<\/div>\n\t\t\t\t\t<\/div>\n\t\t<\/div>\n\t\t\t\t\t\t\t\t<\/div>\n\t\t\t\t\t<\/div>\n\t\t<\/section>\n\t\t\t\t\t\t<\/div>\n\t\t\t\t\t<\/div>\n\t\t<\/div>\n\t\t\t\t<div class=\"elementor-column elementor-col-50 elementor-top-column elementor-element elementor-element-50710a5\" data-id=\"50710a5\" data-element_type=\"column\" data-settings=\"{&quot;background_background&quot;:&quot;classic&quot;}\">\n\t\t\t<div class=\"elementor-column-wrap elementor-element-populated\">\n\t\t\t\t\t\t\t<div class=\"elementor-widget-wrap\">\n\t\t\t\t\t\t<div class=\"elementor-element elementor-element-05ebe04 elementor-widget elementor-widget-image\" data-id=\"05ebe04\" data-element_type=\"widget\" data-widget_type=\"image.default\">\n\t\t\t\t<div class=\"elementor-widget-container\">\n\t\t\t\t\t\t\t\t<div class=\"elementor-image\">\n\t\t\t\t\t\t\t\t\t\t\t\t<img width=\"768\" height=\"512\" src=\"http:\/\/cemundodafantasia.com.br\/site\/wp-content\/uploads\/2025\/10\/sophia2026.png\" class=\"attachment-medium_large size-medium_large\" alt=\"\" loading=\"lazy\" srcset=\"http:\/\/cemundodafantasia.com.br\/site\/wp-content\/uploads\/2025\/10\/sophia2026.png 768w, http:\/\/cemundodafantasia.com.br\/site\/wp-content\/uploads\/2025\/10\/sophia2026-300x200.png 300w\" sizes=\"(max-width: 768px) 100vw, 768px\" \/>\t\t\t\t\t\t\t\t\t\t\t\t\t\t<\/div>\n\t\t\t\t\t\t<\/div>\n\t\t\t\t<\/div>\n\t\t\t\t<div class=\"elementor-element elementor-element-0abfd6e elementor-widget elementor-widget-heading\" data-id=\"0abfd6e\" data-element_type=\"widget\" data-widget_type=\"heading.default\">\n\t\t\t\t<div class=\"elementor-widget-container\">\n\t\t\t<h2 class=\"elementor-heading-title elementor-size-default\">Alimenta\u00e7\u00e3o<\/h2>\t\t<\/div>\n\t\t\t\t<\/div>\n\t\t\t\t<div class=\"elementor-element elementor-element-d868b23 elementor-widget elementor-widget-text-editor\" data-id=\"d868b23\" data-element_type=\"widget\" data-widget_type=\"text-editor.default\">\n\t\t\t\t<div class=\"elementor-widget-container\">\n\t\t\t\t\t\t\t\t<div class=\"elementor-text-editor elementor-clearfix\">\n\t\t\t\tNossa nutricionista elabora um card\u00e1pio especial rico, diversificado e saud\u00e1vel, onde as fam\u00edlias acompanham na Agenda on line. Diariamente a fam\u00edlia receber\u00e1 as informa\u00e7\u00f5es de como foi a alimenta\u00e7\u00e3o da crian\u00e7a.\t\t\t\t\t<\/div>\n\t\t\t\t\t\t<\/div>\n\t\t\t\t<\/div>\n\t\t\t\t\t\t<\/div>\n\t\t\t\t\t<\/div>\n\t\t<\/div>\n\t\t\t\t\t\t\t\t<\/div>\n\t\t\t\t\t<\/div>\n\t\t<\/section>\n\t\t\t\t\t\t<\/div>\n\t\t\t\t\t\t<\/div>\n\t\t\t\t\t<\/div>\n\t\t","protected":false},"excerpt":{"rendered":"<p>Brincadeiras cantadas Proporcionamos um espa\u00e7o de intera\u00e7\u00e3o entre os beb\u00eas e seus pais, onde possam desenvolver a sensibilidade musical, seus ritmos pr\u00f3prios e a liberdade de express\u00e3o. A m\u00fasica, como linguagem universal, age como facilitadora das rela\u00e7\u00f5es intra e interpessoais. Acreditando na crian\u00e7a como ser l\u00fadico, a brincadeira cantada valoriza o brincar como essencial no [&hellip;]<\/p>\n","protected":false},"author":1,"featured_media":0,"parent":0,"menu_order":0,"comment_status":"closed","ping_status":"closed","template":"","meta":[],"_links":{"self":[{"href":"http:\/\/cemundodafantasia.com.br\/site\/index.php?rest_route=\/wp\/v2\/pages\/296"}],"collection":[{"href":"http:\/\/cemundodafantasia.com.br\/site\/index.php?rest_route=\/wp\/v2\/pages"}],"about":[{"href":"http:\/\/cemundodafantasia.com.br\/site\/index.php?rest_route=\/wp\/v2\/types\/page"}],"author":[{"embeddable":true,"href":"http:\/\/cemundodafantasia.com.br\/site\/index.php?rest_route=\/wp\/v2\/users\/1"}],"replies":[{"embeddable":true,"href":"http:\/\/cemundodafantasia.com.br\/site\/index.php?rest_route=%2Fwp%2Fv2%2Fcomments&post=296"}],"version-history":[{"count":149,"href":"http:\/\/cemundodafantasia.com.br\/site\/index.php?rest_route=\/wp\/v2\/pages\/296\/revisions"}],"predecessor-version":[{"id":2786,"href":"http:\/\/cemundodafantasia.com.br\/site\/index.php?rest_route=\/wp\/v2\/pages\/296\/revisions\/2786"}],"wp:attachment":[{"href":"http:\/\/cemundodafantasia.com.br\/site\/index.php?rest_route=%2Fwp%2Fv2%2Fmedia&parent=296"}],"curies":[{"name":"wp","href":"https:\/\/api.w.org\/{rel}","templated":true}]}}